{"id":51,"date":"2011-06-20T10:34:32","date_gmt":"2011-06-20T10:34:32","guid":{"rendered":"http:\/\/www.thomasfischerberlin.de\/?page_id=51"},"modified":"2020-06-04T08:57:00","modified_gmt":"2020-06-04T08:57:00","slug":"impressum","status":"publish","type":"page","link":"https:\/\/www.thomasfischerberlin.de\/index.php\/impressum\/","title":{"rendered":"Impressum"},"content":{"rendered":"<h1>Impressum<\/h1>\n<p>Verantwortlich f\u00fcr die Inhalte dieser Webseite im Sinne von \u00a7 6 TDG:<\/p>\n<p>&nbsp;<\/p>\n<p>Thomas Fischer<br \/>\nFrankfurter Allee 22<br \/>\n10247 Berlin<\/p>\n<p>Tel. +49 30 42087776<br \/>\nE-Mail Thomasfischer.berlin(at)t-online.de<\/p>\n<p>&nbsp;<\/p>\n<p>Alle Rechte vorbehalten. Jegliche Vervielf\u00e4ltigung und  Weiterverarbeitung dieser Webseite oder ihrer Teile bedarf der  schriftlichen Zustimmung.<\/p>\n<p>&nbsp;<\/p>\n<p>Haftungsausschluss:<br \/>\nTrotz sorgf\u00e4ltiger Pr\u00fcfung der verlinkten Webseiten, kann f\u00fcr deren  Inhalte keine Haftung \u00fcbernommen werden. Verantwortlich sind ausschlie\u00dflich  deren Betreiber.<\/p>\n<p>&nbsp;<\/p>\n<p>Von Ihnen im Kontaktformular eingegebene Daten wie Name, E-Mail,  Betreff und Nachrichtentext werden ausschlie\u00dflich  zur Bearbeitung Ihres Anliegens verwendet. Eine Weitergabe der Daten an Dritte  erfolgt nicht.<\/p>\n<p>&nbsp;<\/p>\n<p>Webdesign: <a href=\"http:\/\/www.evakohl.de\" target=\"_blank\" rel=\"noopener noreferrer\">Eva Kohl<\/a><\/p>\n","protected":false},"excerpt":{"rendered":"<p>Impressum Verantwortlich f\u00fcr die Inhalte dieser Webseite im Sinne von \u00a7 6 TDG: &nbsp; Thomas Fischer Frankfurter Allee 22 10247 Berlin Tel. +49 30 42087776 E-Mail Thomasfischer.berlin(at)t-online.de &nbsp; Alle Rechte vorbehalten. Jegliche Vervielf\u00e4ltigung und Weiterverarbeitung dieser Webseite oder ihrer Teile &hellip; <a href=\"https:\/\/www.thomasfischerberlin.de\/index.php\/impressum\/\">Continue reading <span class=\"meta-nav\">&rarr;<\/span><\/a><\/p>\n","protected":false},"author":1,"featured_media":0,"parent":0,"menu_order":0,"comment_status":"closed","ping_status":"closed","template":"","meta":{"footnotes":""},"language":[6],"class_list":["post-51","page","type-page","status-publish","hentry","language-de_de"],"_links":{"self":[{"href":"https:\/\/www.thomasfischerberlin.de\/index.php\/wp-json\/wp\/v2\/pages\/51","targetHints":{"allow":["GET"]}}],"collection":[{"href":"https:\/\/www.thomasfischerberlin.de\/index.php\/wp-json\/wp\/v2\/pages"}],"about":[{"href":"https:\/\/www.thomasfischerberlin.de\/index.php\/wp-json\/wp\/v2\/types\/page"}],"author":[{"embeddable":true,"href":"https:\/\/www.thomasfischerberlin.de\/index.php\/wp-json\/wp\/v2\/users\/1"}],"replies":[{"embeddable":true,"href":"https:\/\/www.thomasfischerberlin.de\/index.php\/wp-json\/wp\/v2\/comments?post=51"}],"version-history":[{"count":11,"href":"https:\/\/www.thomasfischerberlin.de\/index.php\/wp-json\/wp\/v2\/pages\/51\/revisions"}],"predecessor-version":[{"id":1531,"href":"https:\/\/www.thomasfischerberlin.de\/index.php\/wp-json\/wp\/v2\/pages\/51\/revisions\/1531"}],"wp:attachment":[{"href":"https:\/\/www.thomasfischerberlin.de\/index.php\/wp-json\/wp\/v2\/media?parent=51"}],"wp:term":[{"taxonomy":"language","embeddable":true,"href":"https:\/\/www.thomasfischerberlin.de\/index.php\/wp-json\/wp\/v2\/language?post=51"}],"curies":[{"name":"wp","href":"https:\/\/api.w.org\/{rel}","templated":true}]}}